{"id":2137,"date":"2019-04-04T10:25:46","date_gmt":"2019-04-04T08:25:46","guid":{"rendered":"https:\/\/www.cercledecompetences.org\/?page_id=2137"},"modified":"2025-03-20T11:46:16","modified_gmt":"2025-03-20T10:46:16","slug":"therapie-familial-pour-tous","status":"publish","type":"page","link":"https:\/\/www.cercledecompetences.org\/index.php\/therapie-familial-pour-tous\/","title":{"rendered":"Th\u00e9rapie familial pour tous"},"content":{"rendered":"<p>[et_pb_section fb_built=\u00a0\u00bb1&Prime; _builder_version=\u00a0\u00bb4.16&Prime; global_colors_info=\u00a0\u00bb{}\u00a0\u00bb][et_pb_row _builder_version=\u00a0\u00bb4.16&Prime; custom_padding=\u00a0\u00bb27px|||||\u00a0\u00bb global_colors_info=\u00a0\u00bb{}\u00a0\u00bb][et_pb_column type=\u00a0\u00bb4_4&Prime; _builder_version=\u00a0\u00bb4.16&Prime; custom_padding=\u00a0\u00bb|||\u00a0\u00bb global_colors_info=\u00a0\u00bb{}\u00a0\u00bb custom_padding__hover=\u00a0\u00bb|||\u00a0\u00bb][et_pb_text _builder_version=\u00a0\u00bb4.16&Prime; global_colors_info=\u00a0\u00bb{}\u00a0\u00bb]<\/p>\n<p>\u00a0ssi nImpasse Paul Emile Victor<br \/>R\u00e9sidence Les Marines de Go\u00eblo<br \/>B\u00e2timent C Appartement 3<br \/>22520 BINIC Etables Sur Mer\u00a0<\/p>\n<div id=\"PAGES_CONTAINERcenteredContent\" class=\"pc1centeredContent\">\n<div id=\"PAGES_CONTAINERinlineContent\" class=\"pc1inlineContent\">\n<div data-is-mesh=\"true\" class=\"s_VOwPageGroupSkin\" id=\"SITE_PAGES\">\n<div data-ismobile=\"false\" data-is-mesh-layout=\"true\" class=\"style-j8yc87k8\" id=\"bfn48\">\n<div id=\"bfn48inlineContent\" class=\"style-j8yc87k8inlineContent\">\n<div id=\"bfn48inlineContent-gridWrapper\" data-mesh-internal=\"true\">\n<h1 data-mesh-internal=\"true\" style=\"text-align: center;\"><span style=\"color: #993300;\"><strong>Centre de th\u00e9rapie familiale pour tous &#8211; Bretagne<\/strong><\/span><\/h1>\n<div class=\"page\" title=\"Page 2\">\n<div class=\"layoutArea\">\n<div class=\"column\">\n<p><span><\/span><\/p>\n<p><strong>Le Cercle de Comp\u00e9tences<\/strong>, propose notamment des th\u00e9rapies familiales et des th\u00e9rapies de couple, avec des tarifs calcul\u00e9s en fonction des revenus de chacun. Les s\u00e9ances sont financ\u00e9es par les familles elles-m\u00eames, ainsi que par les recettes des formations d\u00e9livr\u00e9es par le Cercle de Comp\u00e9tences.<\/p>\n<p>Les th\u00e9rapeutes qui exercent au sein du \u00ab\u00a0Centre de th\u00e9rapie familiale pour tous\u00a0\u00bb, sont form\u00e9s soit \u00e0 la th\u00e9rapie br\u00e8ve centr\u00e9e sur les solutions, soit \u00e0 la th\u00e9rapie syst\u00e9mique familiale, ou \u00e0 la vision int\u00e9grative de l\u2019\u00eatre humain, \u00e0 l\u2019art th\u00e9rapie, ou encore \u00e0 l\u2019EMDR (m\u00e9thode de gestion des traumatismes). <strong>Ces professionnels donnent de leur temps de mani\u00e8re b\u00e9n\u00e9vole<\/strong> <strong>pour une part<\/strong>, et peuvent venir de l\u2019ensemble des d\u00e9partements de Bretagne.<\/p>\n<p>&nbsp;<\/p>\n<p><span><img loading=\"lazy\" decoding=\"async\" src=\"https:\/\/www.cercledecompetences.org\/wp-content\/uploads\/2019\/02\/Capture-d\u2019e\u0301cran-2019-02-07-a\u0300-11.57.30.png\" alt=\"\" class=\"wp-image-771 alignnone size-full\" width=\"331\" height=\"220\" \/><\/span><\/p>\n<p><strong>\u00a0<\/strong><\/p>\n<p><strong>\u00a0Dans une vid\u00e9o, C\u00e9cile Bertrand, coordinatrice de l&rsquo;antenne Bretagne du Cercle de Comp\u00e9tences, d\u00e9crit les \u00e9tonnantes d\u00e9couvertes de la th\u00e9rapie familiale en ligne qu&rsquo;elle et son \u00e9quipe a faites \u00e0 travers le projet \u00ab\u00a0Th\u00e9rapie Familiale pour Tous\u00a0\u00bb. Les familles, l&rsquo;\u00e9quipe ont d\u00fb s&rsquo;adapter aux conditions de la crise sanitaire, et au del\u00e0 des difficult\u00e9s, la d\u00e9couverte d&rsquo;\u00e9l\u00e9ments de r\u00e9silience leur a permis de faire \u00e9clore une nouvelle fa\u00e7on de faire de la th\u00e9rapie familiale. \u00a0<\/strong><\/p>\n<p><iframe loading=\"lazy\" title=\"La th\u00e9rapie familiale pour tous en ligne - Cecile Bertrand et Helene Dellucci\" width=\"1080\" height=\"608\" src=\"https:\/\/www.youtube.com\/embed\/ACuKsmxZqYg?feature=oembed\" frameborder=\"0\" allow=\"accelerometer; autoplay; clipboard-write; encrypted-media; gyroscope; picture-in-picture\" allowfullscreen><\/iframe><\/p>\n<p><strong><\/strong><\/p>\n<p><strong><\/strong><\/p>\n<p><strong>Ce que permet la th\u00e9rapie familiale\u00a0<\/strong><\/p>\n<p>La th\u00e9rapie familiale permet \u00e0 chacun d\u2019exprimer son ressenti, de faire circuler l\u2019information et les \u00e9motions dans la famille, en toute s\u00e9curit\u00e9.<\/p>\n<p>Elle permet d\u2019identifier et de comprendre des fonctionnements bloquants et r\u00e9p\u00e9titifs, afin de retrouver un \u00e9quilibre de vie plus \u00e9panouissant pour tout le monde.<\/p>\n<p>Le travail th\u00e9rapeutique familial vise \u00e0 aider chacun \u00e0 observer ce qu\u2019il vit et ce que vit l\u2019autre. Ce travail permet de reprendre contact avec ses propres perceptions, par les sens, les \u00e9motions et les sensations corporelles. La famille peut ainsi prendre conscience de ce qui est pr\u00e9sent et r\u00e9activ\u00e9 dans la relation familiale au c\u0153ur de la th\u00e9rapie.<\/p>\n<p>Un enfant, tout comme un adulte Pense, Ressent des \u00e9motions, Per\u00e7oit par ses 5 sens, a des Sensations corporelles. Les adultes pr\u00e9sents sont les enfants d\u2019hier, aux m\u00e9moires conscientes et inconscientes qui se r\u00e9activent, se vivent et se transmettre dans le pr\u00e9sent. Les enfants d\u2019aujourd\u2019hui seront les adultes et les parents de demain<\/p>\n<p>&nbsp;<\/p>\n<p>&nbsp;<\/p>\n<h3><strong>Activer les comp\u00e9tences et les savoirs-faire des familles, d\u00e9velopper la cr\u00e9ativit\u00e9 familiale<\/strong><\/h3>\n<p>&nbsp;<\/p>\n<p>Les familles qui consultent, souffrent de difficult\u00e9s dans leur vie, de probl\u00e8mes pour lesquels elles ne voient plus de solutions. Les relations se cristallisent autour du probl\u00e8me, enferm\u00e9es dans une situation douloureuse alors qu\u2019elles d\u00e9tiennent de multiples comp\u00e9tences.<\/p>\n<p>L\u2019approche centr\u00e9e sur les comp\u00e9tences permet aux familles de retrouver un chemin d\u2019acc\u00e8s \u00e0 des ressources d\u00e9j\u00e0 pr\u00e9sentes en elles, dont elles n\u2019ont plus conscience. Le fonctionnement de la famille a besoin de retrouver de la souplesse pour s\u2019adapter aux changements de la vie.<\/p>\n<p>Afin de vous aider \u00e0 trouver vos comp\u00e9tences pour faire face au probl\u00e8me, nous travaillons \u00e0 partir de vos objectifs et souhaits de vie. Au cours de nos rencontres, nous favorisons la cr\u00e9ation d\u2019exp\u00e9riences nouvelles afin de cr\u00e9er \u00e9galement une nouvelle dynamique familiale.<\/p>\n<p>Nous cherchons le meilleur levier de changement, en r\u00e9veillant les cr\u00e9ativit\u00e9s des diff\u00e9rents membres de la famille, pour aider chacun \u00e0 aller plus loin au-del\u00e0 du probl\u00e8me.<\/p>\n<p>&nbsp;<\/p>\n<p><span class=\"s1\"><img loading=\"lazy\" decoding=\"async\" src=\"https:\/\/www.cercledecompetences.org\/wp-content\/uploads\/2019\/04\/Capture-d\u2019e\u0301cran-2019-04-04-a\u0300-10.23.53-227x300.png\" alt=\"\" class=\"wp-image-2142 alignnone size-medium\" style=\"display: block; margin-left: auto; margin-right: auto;\" width=\"227\" height=\"300\" srcset=\"https:\/\/www.cercledecompetences.org\/wp-content\/uploads\/2019\/04\/Capture-d\u2019e\u0301cran-2019-04-04-a\u0300-10.23.53-227x300.png 227w, https:\/\/www.cercledecompetences.org\/wp-content\/uploads\/2019\/04\/Capture-d\u2019e\u0301cran-2019-04-04-a\u0300-10.23.53.png 583w\" sizes=\"(max-width: 227px) 100vw, 227px\" \/><\/span><\/p>\n<p>&nbsp;<\/p>\n<p>&nbsp;<\/p>\n<p>&nbsp;<\/p>\n<p><strong>Comprendre les \u00e9v\u00e9nements douloureux de la vie, se relever et faire de fa\u00e7on diff\u00e9rente<\/strong><\/p>\n<p>Le traumatisme individuel ou familial d\u00fb \u00e0 des \u00e9v\u00e9nements douloureux de la vie, des traumatismes ayant marqu\u00e9s nos grands-parents et arri\u00e8res grands-parents\u2026, peuvent avoir des cons\u00e9quences dans l\u2019\u00e9quilibre de notre vie actuelle.<\/p>\n<p>Apporter un \u00e9clairage sur les ressources de chacun au fil des chemins parcourus, am\u00e8ne une lumi\u00e8re d\u2019observation diff\u00e9rente pour \u00e9clairer ce qui a \u00e9t\u00e9 et ce qui est v\u00e9cu dans le pr\u00e9sent. Une ouverture de chemins diff\u00e9renci\u00e9s est alors rendue possible, vers la construction des objectifs souhait\u00e9s. Nous observons que la visualisation des ressources est en effet cr\u00e9atrice de mouvement.<\/p>\n<p><strong><u>\u00a0<\/u><\/strong><\/p>\n<p><strong><u>TARIFS\u00a0? <\/u><\/strong><\/p>\n<ul>\n<li>Tarifs adapt\u00e9s en fonction de vos ressources entre 18 et 100 euros<\/li>\n<li>Afin de d\u00e9finir le tarif de la consultation correspondant \u00e0 votre situation financi\u00e8re, il vous sera demand\u00e9 votre Quotient Familial CAF\/MSA ou autres justificatifs de revenus si n\u00e9cessaire (feuille d&rsquo;imposition)<\/li>\n<\/ul>\n<p>&nbsp;<\/p>\n<p><strong><u>DUREE D\u2019UNE SEANCE\u00a0?<\/u><\/strong><\/p>\n<ul>\n<li>Une s\u00e9ance dure <strong>1h<\/strong><\/li>\n<li>Pas plus de s\u00e9ance qu\u2019il ne vous semblera n\u00e9cessaire pour atteindre vos objectifs\u00a0: une dizaine de s\u00e9ances peut \u00eatre n\u00e9cessaire \u00e0 raison <strong>d\u20191 s\u00e9ance par mois<\/strong><\/li>\n<\/ul>\n<p><strong><\/strong><\/p>\n<p><span style=\"text-decoration: underline;\"><strong>LIEU<\/strong><\/span><\/p>\n<p>Impasse Paul Emile Victor<br \/>R\u00e9sidence Les Marines de Go\u00eblo<br \/>B\u00e2timent C Appartement 3<br \/>22520 BINIC Etables Sur Mer<\/p>\n<p>&nbsp;<\/p>\n<p><strong><u>COMMENT SE PASSE UNE SEANCE\u00a0?<\/u><\/strong><\/p>\n<ul>\n<li>Nous vous recevons \u00e0 2 th\u00e9rapeutes, form\u00e9s \u00e0 la th\u00e9rapie syst\u00e9mique familiale<\/li>\n<li>Nous disposons de supports cr\u00e9atifs et ludiques pour activer une dynamique relationnelle diff\u00e9rente dans la famille.<\/li>\n<li><strong>Le contenu des entretiens est strictement confidentiel sauf en cas d\u2019atteinte \u00e0 la Loi concernant les agressions sur mineurs ou personnes vuln\u00e9rables<\/strong><strong><\/strong><\/li>\n<\/ul>\n<p><strong><\/strong><\/p>\n<p><strong><\/strong><\/p>\n<p><strong><u>DEMANDER UNE S\u00c9ANCE DE TH\u00c9RAPIE FAMILIALE, EN PR\u00c9SENTIEL OU EN LIGNE\u00a0 ?<\/u><\/strong><\/p>\n<p><strong><u><\/u><\/strong><\/p>\n<p><strong>Contacter C\u00e9cile Bertrand : <a href=\"mailto:cecile.bertrand.bzh@gmail.com\">cecile.bertrand.bzh@gmail.com<\/a> &#8211; Psychologue et th\u00e9rapeute familiale<br \/><\/strong><\/p>\n<\/div>\n<\/div>\n<\/div>\n<\/div>\n<\/div>\n<\/div>\n<\/div>\n<\/div>\n<\/div>\n<p>[\/et_pb_text][\/et_pb_column][\/et_pb_row][\/et_pb_section]<\/p>\n","protected":false},"excerpt":{"rendered":"<p>\u00a0ssi nImpasse Paul Emile VictorR\u00e9sidence Les Marines de Go\u00ebloB\u00e2timent C Appartement 322520 BINIC Etables Sur Mer\u00a0 Centre de th\u00e9rapie familiale pour tous &#8211; Bretagne Le Cercle de Comp\u00e9tences, propose notamment des th\u00e9rapies familiales et des th\u00e9rapies de couple, avec des tarifs calcul\u00e9s en fonction des revenus de chacun. Les s\u00e9ances sont financ\u00e9es par les familles [&hellip;]<\/p>\n","protected":false},"author":3,"featured_media":0,"parent":0,"menu_order":0,"comment_status":"closed","ping_status":"closed","template":"","meta":{"_et_pb_use_builder":"on","_et_pb_old_content":"","_et_gb_content_width":"","_glsr_average":0,"_glsr_ranking":0,"_glsr_reviews":0,"footnotes":""},"class_list":["post-2137","page","type-page","status-publish","hentry"],"yoast_head":"<!-- This site is optimized with the Yoast SEO plugin v27.0 - https:\/\/yoast.com\/product\/yoast-seo-wordpress\/ -->\n<title>Th\u00e9rapie familial pour tous - Cercle de comp\u00e9tences<\/title>\n<meta name=\"robots\" content=\"index, follow, max-snippet:-1, max-image-preview:large, max-video-preview:-1\" \/>\n<link rel=\"canonical\" href=\"https:\/\/www.cercledecompetences.org\/index.php\/therapie-familial-pour-tous\/\" \/>\n<meta property=\"og:locale\" content=\"fr_FR\" \/>\n<meta property=\"og:type\" content=\"article\" \/>\n<meta property=\"og:title\" content=\"Th\u00e9rapie familial pour tous - Cercle de comp\u00e9tences\" \/>\n<meta property=\"og:description\" content=\"\u00a0ssi nImpasse Paul Emile VictorR\u00e9sidence Les Marines de Go\u00ebloB\u00e2timent C Appartement 322520 BINIC Etables Sur Mer\u00a0 Centre de th\u00e9rapie familiale pour tous - Bretagne Le Cercle de Comp\u00e9tences, propose notamment des th\u00e9rapies familiales et des th\u00e9rapies de couple, avec des tarifs calcul\u00e9s en fonction des revenus de chacun. Les s\u00e9ances sont financ\u00e9es par les familles [&hellip;]\" \/>\n<meta property=\"og:url\" content=\"https:\/\/www.cercledecompetences.org\/index.php\/therapie-familial-pour-tous\/\" \/>\n<meta property=\"og:site_name\" content=\"Cercle de comp\u00e9tences\" \/>\n<meta property=\"article:publisher\" content=\"https:\/\/www.facebook.com\/cercledecompetences.Bretagne.et.Lyon\/\" \/>\n<meta property=\"article:modified_time\" content=\"2025-03-20T10:46:16+00:00\" \/>\n<meta name=\"twitter:card\" content=\"summary_large_image\" \/>\n<meta name=\"twitter:label1\" content=\"Dur\u00e9e de lecture estim\u00e9e\" \/>\n\t<meta name=\"twitter:data1\" content=\"5 minutes\" \/>\n<script type=\"application\/ld+json\" class=\"yoast-schema-graph\">{\"@context\":\"https:\/\/schema.org\",\"@graph\":[{\"@type\":\"WebPage\",\"@id\":\"https:\/\/www.cercledecompetences.org\/index.php\/therapie-familial-pour-tous\/\",\"url\":\"https:\/\/www.cercledecompetences.org\/index.php\/therapie-familial-pour-tous\/\",\"name\":\"Th\u00e9rapie familial pour tous - Cercle de comp\u00e9tences\",\"isPartOf\":{\"@id\":\"https:\/\/www.cercledecompetences.org\/#website\"},\"datePublished\":\"2019-04-04T08:25:46+00:00\",\"dateModified\":\"2025-03-20T10:46:16+00:00\",\"breadcrumb\":{\"@id\":\"https:\/\/www.cercledecompetences.org\/index.php\/therapie-familial-pour-tous\/#breadcrumb\"},\"inLanguage\":\"fr-FR\",\"potentialAction\":[{\"@type\":\"ReadAction\",\"target\":[\"https:\/\/www.cercledecompetences.org\/index.php\/therapie-familial-pour-tous\/\"]}]},{\"@type\":\"BreadcrumbList\",\"@id\":\"https:\/\/www.cercledecompetences.org\/index.php\/therapie-familial-pour-tous\/#breadcrumb\",\"itemListElement\":[{\"@type\":\"ListItem\",\"position\":1,\"name\":\"Accueil\",\"item\":\"https:\/\/www.cercledecompetences.org\/\"},{\"@type\":\"ListItem\",\"position\":2,\"name\":\"Th\u00e9rapie familial pour tous\"}]},{\"@type\":\"WebSite\",\"@id\":\"https:\/\/www.cercledecompetences.org\/#website\",\"url\":\"https:\/\/www.cercledecompetences.org\/\",\"name\":\"Cercle de comp\u00e9tences\",\"description\":\"Organisme de formation associatif\",\"publisher\":{\"@id\":\"https:\/\/www.cercledecompetences.org\/#organization\"},\"potentialAction\":[{\"@type\":\"SearchAction\",\"target\":{\"@type\":\"EntryPoint\",\"urlTemplate\":\"https:\/\/www.cercledecompetences.org\/?s={search_term_string}\"},\"query-input\":{\"@type\":\"PropertyValueSpecification\",\"valueRequired\":true,\"valueName\":\"search_term_string\"}}],\"inLanguage\":\"fr-FR\"},{\"@type\":\"Organization\",\"@id\":\"https:\/\/www.cercledecompetences.org\/#organization\",\"name\":\"Cercle de comp\u00e9tences\",\"url\":\"https:\/\/www.cercledecompetences.org\/\",\"logo\":{\"@type\":\"ImageObject\",\"inLanguage\":\"fr-FR\",\"@id\":\"https:\/\/www.cercledecompetences.org\/#\/schema\/logo\/image\/\",\"url\":\"https:\/\/www.cercledecompetences.org\/wp-content\/uploads\/2019\/01\/logo-rond.gif\",\"contentUrl\":\"https:\/\/www.cercledecompetences.org\/wp-content\/uploads\/2019\/01\/logo-rond.gif\",\"width\":863,\"height\":1137,\"caption\":\"Cercle de comp\u00e9tences\"},\"image\":{\"@id\":\"https:\/\/www.cercledecompetences.org\/#\/schema\/logo\/image\/\"},\"sameAs\":[\"https:\/\/www.facebook.com\/cercledecompetences.Bretagne.et.Lyon\/\",\"https:\/\/www.linkedin.com\/company\/cercle-de-competences\/\"]}]}<\/script>\n<!-- \/ Yoast SEO plugin. -->","yoast_head_json":{"title":"Th\u00e9rapie familial pour tous - Cercle de comp\u00e9tences","robots":{"index":"index","follow":"follow","max-snippet":"max-snippet:-1","max-image-preview":"max-image-preview:large","max-video-preview":"max-video-preview:-1"},"canonical":"https:\/\/www.cercledecompetences.org\/index.php\/therapie-familial-pour-tous\/","og_locale":"fr_FR","og_type":"article","og_title":"Th\u00e9rapie familial pour tous - Cercle de comp\u00e9tences","og_description":"\u00a0ssi nImpasse Paul Emile VictorR\u00e9sidence Les Marines de Go\u00ebloB\u00e2timent C Appartement 322520 BINIC Etables Sur Mer\u00a0 Centre de th\u00e9rapie familiale pour tous - Bretagne Le Cercle de Comp\u00e9tences, propose notamment des th\u00e9rapies familiales et des th\u00e9rapies de couple, avec des tarifs calcul\u00e9s en fonction des revenus de chacun. Les s\u00e9ances sont financ\u00e9es par les familles [&hellip;]","og_url":"https:\/\/www.cercledecompetences.org\/index.php\/therapie-familial-pour-tous\/","og_site_name":"Cercle de comp\u00e9tences","article_publisher":"https:\/\/www.facebook.com\/cercledecompetences.Bretagne.et.Lyon\/","article_modified_time":"2025-03-20T10:46:16+00:00","twitter_card":"summary_large_image","twitter_misc":{"Dur\u00e9e de lecture estim\u00e9e":"5 minutes"},"schema":{"@context":"https:\/\/schema.org","@graph":[{"@type":"WebPage","@id":"https:\/\/www.cercledecompetences.org\/index.php\/therapie-familial-pour-tous\/","url":"https:\/\/www.cercledecompetences.org\/index.php\/therapie-familial-pour-tous\/","name":"Th\u00e9rapie familial pour tous - Cercle de comp\u00e9tences","isPartOf":{"@id":"https:\/\/www.cercledecompetences.org\/#website"},"datePublished":"2019-04-04T08:25:46+00:00","dateModified":"2025-03-20T10:46:16+00:00","breadcrumb":{"@id":"https:\/\/www.cercledecompetences.org\/index.php\/therapie-familial-pour-tous\/#breadcrumb"},"inLanguage":"fr-FR","potentialAction":[{"@type":"ReadAction","target":["https:\/\/www.cercledecompetences.org\/index.php\/therapie-familial-pour-tous\/"]}]},{"@type":"BreadcrumbList","@id":"https:\/\/www.cercledecompetences.org\/index.php\/therapie-familial-pour-tous\/#breadcrumb","itemListElement":[{"@type":"ListItem","position":1,"name":"Accueil","item":"https:\/\/www.cercledecompetences.org\/"},{"@type":"ListItem","position":2,"name":"Th\u00e9rapie familial pour tous"}]},{"@type":"WebSite","@id":"https:\/\/www.cercledecompetences.org\/#website","url":"https:\/\/www.cercledecompetences.org\/","name":"Cercle de comp\u00e9tences","description":"Organisme de formation associatif","publisher":{"@id":"https:\/\/www.cercledecompetences.org\/#organization"},"potentialAction":[{"@type":"SearchAction","target":{"@type":"EntryPoint","urlTemplate":"https:\/\/www.cercledecompetences.org\/?s={search_term_string}"},"query-input":{"@type":"PropertyValueSpecification","valueRequired":true,"valueName":"search_term_string"}}],"inLanguage":"fr-FR"},{"@type":"Organization","@id":"https:\/\/www.cercledecompetences.org\/#organization","name":"Cercle de comp\u00e9tences","url":"https:\/\/www.cercledecompetences.org\/","logo":{"@type":"ImageObject","inLanguage":"fr-FR","@id":"https:\/\/www.cercledecompetences.org\/#\/schema\/logo\/image\/","url":"https:\/\/www.cercledecompetences.org\/wp-content\/uploads\/2019\/01\/logo-rond.gif","contentUrl":"https:\/\/www.cercledecompetences.org\/wp-content\/uploads\/2019\/01\/logo-rond.gif","width":863,"height":1137,"caption":"Cercle de comp\u00e9tences"},"image":{"@id":"https:\/\/www.cercledecompetences.org\/#\/schema\/logo\/image\/"},"sameAs":["https:\/\/www.facebook.com\/cercledecompetences.Bretagne.et.Lyon\/","https:\/\/www.linkedin.com\/company\/cercle-de-competences\/"]}]}},"_links":{"self":[{"href":"https:\/\/www.cercledecompetences.org\/index.php\/wp-json\/wp\/v2\/pages\/2137","targetHints":{"allow":["GET"]}}],"collection":[{"href":"https:\/\/www.cercledecompetences.org\/index.php\/wp-json\/wp\/v2\/pages"}],"about":[{"href":"https:\/\/www.cercledecompetences.org\/index.php\/wp-json\/wp\/v2\/types\/page"}],"author":[{"embeddable":true,"href":"https:\/\/www.cercledecompetences.org\/index.php\/wp-json\/wp\/v2\/users\/3"}],"replies":[{"embeddable":true,"href":"https:\/\/www.cercledecompetences.org\/index.php\/wp-json\/wp\/v2\/comments?post=2137"}],"version-history":[{"count":9,"href":"https:\/\/www.cercledecompetences.org\/index.php\/wp-json\/wp\/v2\/pages\/2137\/revisions"}],"predecessor-version":[{"id":9157,"href":"https:\/\/www.cercledecompetences.org\/index.php\/wp-json\/wp\/v2\/pages\/2137\/revisions\/9157"}],"wp:attachment":[{"href":"https:\/\/www.cercledecompetences.org\/index.php\/wp-json\/wp\/v2\/media?parent=2137"}],"curies":[{"name":"wp","href":"https:\/\/api.w.org\/{rel}","templated":true}]}}