{"id":650,"date":"2019-02-06T08:37:53","date_gmt":"2019-02-06T07:37:53","guid":{"rendered":"https:\/\/www.cercledecompetences.org\/?page_id=650"},"modified":"2024-09-03T15:25:03","modified_gmt":"2024-09-03T13:25:03","slug":"650-2","status":"publish","type":"page","link":"https:\/\/www.cercledecompetences.org\/index.php\/650-2\/","title":{"rendered":"Conditions g\u00e9n\u00e9rales de vente"},"content":{"rendered":"<p>[et_pb_section fb_built=\u00a0\u00bb1&Prime; _builder_version=\u00a0\u00bb4.16&Prime; global_colors_info=\u00a0\u00bb{}\u00a0\u00bb][et_pb_row _builder_version=\u00a0\u00bb4.16&Prime; global_colors_info=\u00a0\u00bb{}\u00a0\u00bb][et_pb_column type=\u00a0\u00bb4_4&Prime; _builder_version=\u00a0\u00bb4.16&Prime; custom_padding=\u00a0\u00bb|||\u00a0\u00bb global_colors_info=\u00a0\u00bb{}\u00a0\u00bb custom_padding__hover=\u00a0\u00bb|||\u00a0\u00bb][et_pb_text _builder_version=\u00a0\u00bb4.19.4&Prime; global_colors_info=\u00a0\u00bb{}\u00a0\u00bb]<\/p>\n<h1 style=\"text-align: center;\"><span style=\"color: #c10600;\"><span size=\"5\" style=\"font-size: x-large;\"><\/span><\/span><\/h1>\n<h1 style=\"text-align: center;\"><span style=\"color: #c10600;\"><span size=\"5\" style=\"font-size: x-large;\"><\/span><\/span><\/h1>\n<h1 style=\"text-align: center;\"><span style=\"color: #c10600;\"><span size=\"5\" style=\"font-size: x-large;\">\u00a0Conditions g\u00e9n\u00e9rales de <g class=\"gr_ gr_19 gr-alert gr_spell gr_inline_cards gr_run_anim ContextualSpelling\" id=\"19\" data-gr-id=\"19\">vente<\/g><\/span><\/span><\/h1>\n<p class=\"font_8\"><span><span class=\"color_15\"><span class=\"CSS1Compat\"><\/span><\/span><\/span><\/p>\n<p><strong>\u00a0<\/strong><\/p>\n<p><strong>Le Cercle de Comp\u00e9tences<\/strong><strong> est une association loi 1901 qui a pour vocation la diffusion, sans fronti\u00e8res, des id\u00e9es et pratiques centr\u00e9es comp\u00e9tences.<\/strong><\/p>\n<p>&nbsp;<\/p>\n<p><span style=\"color: #bd3129;\"><strong>\u00a0<\/strong><\/span><\/p>\n<p><span style=\"color: #bd3129;\"><strong>INSCRIPTIONS ET PAIEMENTS :<\/strong> <\/span><\/p>\n<blockquote>\n<ul>\n<li>sur le site <a href=\"http:\/\/www.cercledecompetences.org\">www.cercledecompetences.org<\/a><\/li>\n<li>L\u2019inscription est prise en compte, par le paiement\u00a0 de la formation via le site<\/li>\n<li>15 jours avant la formation ou le s\u00e9minaire, vous recevrez la convocation avec toutes les informations.<\/li>\n<li>Pour toute inscription tardive contacter le responsable de la formation ou du s\u00e9minaire.<\/li>\n<li>Tarif r\u00e9duit en fonction des revenus, \u00e9tudi\u00e9 sur demande<\/li>\n<li>L\u2019inscription \u00e0 une formation ou \u00e0 un s\u00e9minaire se fait pour l\u2019ensemble des journ\u00e9es\u00a0 et le\/la participant(e) s\u2019engage \u00e0 venir \u00e0 toutes les journ\u00e9es.<\/li>\n<li>En cas d\u2019absence \u00e0 une des journ\u00e9es du cycle, aucun remboursement ne sera octroy\u00e9.<\/li>\n<li>Pour tout probl\u00e8me, nous contacter.<\/li>\n<li>Le programme peut \u00eatre ajust\u00e9 jusqu\u2019\u00e0 15 jours avant la formation ou le s\u00e9minaire.<\/li>\n<\/ul>\n<\/blockquote>\n<p><span style=\"color: #bd3129;\"><strong>ANNULATION<\/strong><\/span><\/p>\n<p><span style=\"text-decoration: underline;\"><strong>Annulation par l\u2019organisme de formation.<\/strong><\/span><\/p>\n<ul>\n<li>Cercle de Comp\u00e9tences se r\u00e9serve le droit d\u2019annuler le contrat 15 jours avant la date du d\u00e9but de la formation ou du s\u00e9minaire, si des \u00e9v\u00e9nements de force majeure ou des cas fortuits l\u2019y contraignaient, comme un nombre de participants insuffisant.<\/li>\n<li>La totalit\u00e9 des montants vers\u00e9s sera rembours\u00e9e ou pourra \u00eatre report\u00e9e sur une autre formation ou s\u00e9minaire de Cercle de Comp\u00e9tences dans les 12 mois.<\/li>\n<\/ul>\n<p><strong>Si vous venez de loin, assurez-vous que la formation ou le s\u00e9minaire auxquels\u00a0 vous souhaitez participer sont bien confirm\u00e9s avant de faire vos r\u00e9servations de transport et d\u2019h\u00e9bergement.\u00a0<\/strong><\/p>\n<p>&nbsp;<\/p>\n<p><span style=\"text-decoration: underline;\"><strong>Annulation d\u2019inscription par le participant.<\/strong><\/span><\/p>\n<p>Quelle que soit la cause de l\u2019annulation\u00a0:<\/p>\n<ul>\n<li>25% du montant total de la formation ou du s\u00e9minaire, correspondant aux frais administratifs, sera d\u00fb en cas d\u2019annulation.<\/li>\n<li>75% du montant total de la formation ou du s\u00e9minaire sera d\u00fb en cas d\u2019annulation moins d&rsquo;1 mois avant la formation ou le s\u00e9minaire.<\/li>\n<li>100% du montant total de la formation ou du s\u00e9minaire sera d\u00fb en cas d\u2019annulation moins de 15 jours avant le jour initial de la formation ou du s\u00e9minaire.<\/li>\n<\/ul>\n<p><strong>Le montant de la formation ou du s\u00e9minaire (except\u00e9 les 25% de frais administratifs) pourra \u00eatre report\u00e9 sur une autre formation ou s\u00e9minaire du Cercle de Comp\u00e9tences dans les 12 mois.<\/strong><\/p>\n<p>[\/et_pb_text][\/et_pb_column][\/et_pb_row][et_pb_row _builder_version=\u00a0\u00bb4.16&Prime; global_colors_info=\u00a0\u00bb{}\u00a0\u00bb][et_pb_column type=\u00a0\u00bb4_4&Prime; _builder_version=\u00a0\u00bb4.16&Prime; custom_padding=\u00a0\u00bb|||\u00a0\u00bb global_colors_info=\u00a0\u00bb{}\u00a0\u00bb custom_padding__hover=\u00a0\u00bb|||\u00a0\u00bb][et_pb_text _builder_version=\u00a0\u00bb4.16&Prime; global_colors_info=\u00a0\u00bb{}\u00a0\u00bb]<\/p>\n<p><le cercle=\"\" de=\"\" comp=\"\" tences=\"\" est=\"\" une=\"\" association=\"\" loi=\"\" 1901=\"\" qui=\"\" a=\"\" pour=\"\" vocation=\"\" la=\"\" diffusion=\"\" des=\"\" id=\"\" es=\"\" et=\"\" pratiques=\"\" centr=\"\" ce=\"\" sans=\"\" fronti=\"\" res=\"\" p=\"\"> <\/le><\/p>\n<p>&nbsp;<\/p>\n<p>[\/et_pb_text][\/et_pb_column][\/et_pb_row][\/et_pb_section]<\/p>\n","protected":false},"excerpt":{"rendered":"<p>\u00a0Conditions g\u00e9n\u00e9rales de vente \u00a0 Le Cercle de Comp\u00e9tences est une association loi 1901 qui a pour vocation la diffusion, sans fronti\u00e8res, des id\u00e9es et pratiques centr\u00e9es comp\u00e9tences. &nbsp; \u00a0 INSCRIPTIONS ET PAIEMENTS : sur le site www.cercledecompetences.org L\u2019inscription est prise en compte, par le paiement\u00a0 de la formation via le site 15 jours avant [&hellip;]<\/p>\n","protected":false},"author":3,"featured_media":0,"parent":0,"menu_order":0,"comment_status":"closed","ping_status":"closed","template":"","meta":{"_et_pb_use_builder":"on","_et_pb_old_content":"","_et_gb_content_width":"","_glsr_average":0,"_glsr_ranking":0,"_glsr_reviews":0,"footnotes":""},"class_list":["post-650","page","type-page","status-publish","hentry"],"yoast_head":"<!-- This site is optimized with the Yoast SEO plugin v27.0 - https:\/\/yoast.com\/product\/yoast-seo-wordpress\/ -->\n<title>Conditions g\u00e9n\u00e9rales de vente - Cercle de comp\u00e9tences<\/title>\n<meta name=\"robots\" content=\"index, follow, max-snippet:-1, max-image-preview:large, max-video-preview:-1\" \/>\n<link rel=\"canonical\" href=\"https:\/\/www.cercledecompetences.org\/index.php\/650-2\/\" \/>\n<meta property=\"og:locale\" content=\"fr_FR\" \/>\n<meta property=\"og:type\" content=\"article\" \/>\n<meta property=\"og:title\" content=\"Conditions g\u00e9n\u00e9rales de vente - Cercle de comp\u00e9tences\" \/>\n<meta property=\"og:description\" content=\"\u00a0Conditions g\u00e9n\u00e9rales de vente \u00a0 Le Cercle de Comp\u00e9tences est une association loi 1901 qui a pour vocation la diffusion, sans fronti\u00e8res, des id\u00e9es et pratiques centr\u00e9es comp\u00e9tences. &nbsp; \u00a0 INSCRIPTIONS ET PAIEMENTS : sur le site www.cercledecompetences.org L\u2019inscription est prise en compte, par le paiement\u00a0 de la formation via le site 15 jours avant [&hellip;]\" \/>\n<meta property=\"og:url\" content=\"https:\/\/www.cercledecompetences.org\/index.php\/650-2\/\" \/>\n<meta property=\"og:site_name\" content=\"Cercle de comp\u00e9tences\" \/>\n<meta property=\"article:publisher\" content=\"https:\/\/www.facebook.com\/cercledecompetences.Bretagne.et.Lyon\/\" \/>\n<meta property=\"article:modified_time\" content=\"2024-09-03T13:25:03+00:00\" \/>\n<meta name=\"twitter:card\" content=\"summary_large_image\" \/>\n<meta name=\"twitter:label1\" content=\"Dur\u00e9e de lecture estim\u00e9e\" \/>\n\t<meta name=\"twitter:data1\" content=\"2 minutes\" \/>\n<script type=\"application\/ld+json\" class=\"yoast-schema-graph\">{\"@context\":\"https:\/\/schema.org\",\"@graph\":[{\"@type\":\"WebPage\",\"@id\":\"https:\/\/www.cercledecompetences.org\/index.php\/650-2\/\",\"url\":\"https:\/\/www.cercledecompetences.org\/index.php\/650-2\/\",\"name\":\"Conditions g\u00e9n\u00e9rales de vente - Cercle de comp\u00e9tences\",\"isPartOf\":{\"@id\":\"https:\/\/www.cercledecompetences.org\/#website\"},\"datePublished\":\"2019-02-06T07:37:53+00:00\",\"dateModified\":\"2024-09-03T13:25:03+00:00\",\"breadcrumb\":{\"@id\":\"https:\/\/www.cercledecompetences.org\/index.php\/650-2\/#breadcrumb\"},\"inLanguage\":\"fr-FR\",\"potentialAction\":[{\"@type\":\"ReadAction\",\"target\":[\"https:\/\/www.cercledecompetences.org\/index.php\/650-2\/\"]}]},{\"@type\":\"BreadcrumbList\",\"@id\":\"https:\/\/www.cercledecompetences.org\/index.php\/650-2\/#breadcrumb\",\"itemListElement\":[{\"@type\":\"ListItem\",\"position\":1,\"name\":\"Accueil\",\"item\":\"https:\/\/www.cercledecompetences.org\/\"},{\"@type\":\"ListItem\",\"position\":2,\"name\":\"Conditions g\u00e9n\u00e9rales de vente\"}]},{\"@type\":\"WebSite\",\"@id\":\"https:\/\/www.cercledecompetences.org\/#website\",\"url\":\"https:\/\/www.cercledecompetences.org\/\",\"name\":\"Cercle de comp\u00e9tences\",\"description\":\"Organisme de formation associatif\",\"publisher\":{\"@id\":\"https:\/\/www.cercledecompetences.org\/#organization\"},\"potentialAction\":[{\"@type\":\"SearchAction\",\"target\":{\"@type\":\"EntryPoint\",\"urlTemplate\":\"https:\/\/www.cercledecompetences.org\/?s={search_term_string}\"},\"query-input\":{\"@type\":\"PropertyValueSpecification\",\"valueRequired\":true,\"valueName\":\"search_term_string\"}}],\"inLanguage\":\"fr-FR\"},{\"@type\":\"Organization\",\"@id\":\"https:\/\/www.cercledecompetences.org\/#organization\",\"name\":\"Cercle de comp\u00e9tences\",\"url\":\"https:\/\/www.cercledecompetences.org\/\",\"logo\":{\"@type\":\"ImageObject\",\"inLanguage\":\"fr-FR\",\"@id\":\"https:\/\/www.cercledecompetences.org\/#\/schema\/logo\/image\/\",\"url\":\"https:\/\/www.cercledecompetences.org\/wp-content\/uploads\/2019\/01\/logo-rond.gif\",\"contentUrl\":\"https:\/\/www.cercledecompetences.org\/wp-content\/uploads\/2019\/01\/logo-rond.gif\",\"width\":863,\"height\":1137,\"caption\":\"Cercle de comp\u00e9tences\"},\"image\":{\"@id\":\"https:\/\/www.cercledecompetences.org\/#\/schema\/logo\/image\/\"},\"sameAs\":[\"https:\/\/www.facebook.com\/cercledecompetences.Bretagne.et.Lyon\/\",\"https:\/\/www.linkedin.com\/company\/cercle-de-competences\/\"]}]}<\/script>\n<!-- \/ Yoast SEO plugin. -->","yoast_head_json":{"title":"Conditions g\u00e9n\u00e9rales de vente - Cercle de comp\u00e9tences","robots":{"index":"index","follow":"follow","max-snippet":"max-snippet:-1","max-image-preview":"max-image-preview:large","max-video-preview":"max-video-preview:-1"},"canonical":"https:\/\/www.cercledecompetences.org\/index.php\/650-2\/","og_locale":"fr_FR","og_type":"article","og_title":"Conditions g\u00e9n\u00e9rales de vente - Cercle de comp\u00e9tences","og_description":"\u00a0Conditions g\u00e9n\u00e9rales de vente \u00a0 Le Cercle de Comp\u00e9tences est une association loi 1901 qui a pour vocation la diffusion, sans fronti\u00e8res, des id\u00e9es et pratiques centr\u00e9es comp\u00e9tences. &nbsp; \u00a0 INSCRIPTIONS ET PAIEMENTS : sur le site www.cercledecompetences.org L\u2019inscription est prise en compte, par le paiement\u00a0 de la formation via le site 15 jours avant [&hellip;]","og_url":"https:\/\/www.cercledecompetences.org\/index.php\/650-2\/","og_site_name":"Cercle de comp\u00e9tences","article_publisher":"https:\/\/www.facebook.com\/cercledecompetences.Bretagne.et.Lyon\/","article_modified_time":"2024-09-03T13:25:03+00:00","twitter_card":"summary_large_image","twitter_misc":{"Dur\u00e9e de lecture estim\u00e9e":"2 minutes"},"schema":{"@context":"https:\/\/schema.org","@graph":[{"@type":"WebPage","@id":"https:\/\/www.cercledecompetences.org\/index.php\/650-2\/","url":"https:\/\/www.cercledecompetences.org\/index.php\/650-2\/","name":"Conditions g\u00e9n\u00e9rales de vente - Cercle de comp\u00e9tences","isPartOf":{"@id":"https:\/\/www.cercledecompetences.org\/#website"},"datePublished":"2019-02-06T07:37:53+00:00","dateModified":"2024-09-03T13:25:03+00:00","breadcrumb":{"@id":"https:\/\/www.cercledecompetences.org\/index.php\/650-2\/#breadcrumb"},"inLanguage":"fr-FR","potentialAction":[{"@type":"ReadAction","target":["https:\/\/www.cercledecompetences.org\/index.php\/650-2\/"]}]},{"@type":"BreadcrumbList","@id":"https:\/\/www.cercledecompetences.org\/index.php\/650-2\/#breadcrumb","itemListElement":[{"@type":"ListItem","position":1,"name":"Accueil","item":"https:\/\/www.cercledecompetences.org\/"},{"@type":"ListItem","position":2,"name":"Conditions g\u00e9n\u00e9rales de vente"}]},{"@type":"WebSite","@id":"https:\/\/www.cercledecompetences.org\/#website","url":"https:\/\/www.cercledecompetences.org\/","name":"Cercle de comp\u00e9tences","description":"Organisme de formation associatif","publisher":{"@id":"https:\/\/www.cercledecompetences.org\/#organization"},"potentialAction":[{"@type":"SearchAction","target":{"@type":"EntryPoint","urlTemplate":"https:\/\/www.cercledecompetences.org\/?s={search_term_string}"},"query-input":{"@type":"PropertyValueSpecification","valueRequired":true,"valueName":"search_term_string"}}],"inLanguage":"fr-FR"},{"@type":"Organization","@id":"https:\/\/www.cercledecompetences.org\/#organization","name":"Cercle de comp\u00e9tences","url":"https:\/\/www.cercledecompetences.org\/","logo":{"@type":"ImageObject","inLanguage":"fr-FR","@id":"https:\/\/www.cercledecompetences.org\/#\/schema\/logo\/image\/","url":"https:\/\/www.cercledecompetences.org\/wp-content\/uploads\/2019\/01\/logo-rond.gif","contentUrl":"https:\/\/www.cercledecompetences.org\/wp-content\/uploads\/2019\/01\/logo-rond.gif","width":863,"height":1137,"caption":"Cercle de comp\u00e9tences"},"image":{"@id":"https:\/\/www.cercledecompetences.org\/#\/schema\/logo\/image\/"},"sameAs":["https:\/\/www.facebook.com\/cercledecompetences.Bretagne.et.Lyon\/","https:\/\/www.linkedin.com\/company\/cercle-de-competences\/"]}]}},"_links":{"self":[{"href":"https:\/\/www.cercledecompetences.org\/index.php\/wp-json\/wp\/v2\/pages\/650","targetHints":{"allow":["GET"]}}],"collection":[{"href":"https:\/\/www.cercledecompetences.org\/index.php\/wp-json\/wp\/v2\/pages"}],"about":[{"href":"https:\/\/www.cercledecompetences.org\/index.php\/wp-json\/wp\/v2\/types\/page"}],"author":[{"embeddable":true,"href":"https:\/\/www.cercledecompetences.org\/index.php\/wp-json\/wp\/v2\/users\/3"}],"replies":[{"embeddable":true,"href":"https:\/\/www.cercledecompetences.org\/index.php\/wp-json\/wp\/v2\/comments?post=650"}],"version-history":[{"count":15,"href":"https:\/\/www.cercledecompetences.org\/index.php\/wp-json\/wp\/v2\/pages\/650\/revisions"}],"predecessor-version":[{"id":8578,"href":"https:\/\/www.cercledecompetences.org\/index.php\/wp-json\/wp\/v2\/pages\/650\/revisions\/8578"}],"wp:attachment":[{"href":"https:\/\/www.cercledecompetences.org\/index.php\/wp-json\/wp\/v2\/media?parent=650"}],"curies":[{"name":"wp","href":"https:\/\/api.w.org\/{rel}","templated":true}]}}