{"id":87,"date":"2019-01-08T16:16:30","date_gmt":"2019-01-08T15:16:30","guid":{"rendered":"https:\/\/www.cercledecompetences.org\/?page_id=87"},"modified":"2019-02-10T10:48:36","modified_gmt":"2019-02-10T09:48:36","slug":"supervisions","status":"publish","type":"page","link":"https:\/\/www.cercledecompetences.org\/index.php\/supervisions\/","title":{"rendered":"Supervisions"},"content":{"rendered":"<p>[et_pb_section fb_built=\u00a0\u00bb1&Prime; _builder_version=\u00a0\u00bb3.19&Prime;][et_pb_row _builder_version=\u00a0\u00bb3.19&Prime;][et_pb_column type=\u00a0\u00bb4_4&Prime; _builder_version=\u00a0\u00bb3.19&Prime; parallax=\u00a0\u00bboff\u00a0\u00bb parallax_method=\u00a0\u00bbon\u00a0\u00bb][et_pb_text _builder_version=\u00a0\u00bb3.19&Prime;]<\/p>\n<h1 style=\"text-align: center;\"><span style=\"color: #003366;\">Interventions <\/span><g class=\"gr_ gr_9 gr-alert gr_spell gr_inline_cards gr_run_anim ContextualSpelling\" id=\"9\" data-gr-id=\"9\"><g class=\"gr_ gr_9 gr-alert gr_spell gr_inline_cards gr_run_anim ContextualSpelling\" id=\"9\" data-gr-id=\"9\">sur<\/g><\/g><span style=\"color: #003366;\">\u00a0<\/span><g class=\"gr_ gr_8 gr-alert gr_spell gr_inline_cards gr_run_anim ContextualSpelling ins-del multiReplace\" id=\"8\" data-gr-id=\"8\"><g class=\"gr_ gr_8 gr-alert gr_spell gr_inline_cards gr_run_anim ContextualSpelling ins-del multiReplace\" id=\"8\" data-gr-id=\"8\">mesure<\/g><\/g><\/h1>\n<h3><span><strong><\/strong><\/span><\/h3>\n<h3><span><strong><\/strong><\/span><\/h3>\n<h3><img loading=\"lazy\" decoding=\"async\" itemprop=\"contentURL\" srcset=\"https:\/\/cdn.pixabay.com\/photo\/2018\/08\/17\/09\/06\/accessory-3612372_960_720.png 1x, https:\/\/cdn.pixabay.com\/photo\/2018\/08\/17\/09\/06\/accessory-3612372_1280.png 1.778x\" src=\"https:\/\/cdn.pixabay.com\/photo\/2018\/08\/17\/09\/06\/accessory-3612372_960_720.png\" alt=\"Accessoire, V\u00eatements, Color\u00e9, Artisanat, \u00c9quipement\" width=\"305\" height=\"305\" style=\"display: block; margin-left: auto; margin-right: auto;\" \/><span><strong><\/strong><\/span><\/h3>\n<h3><span><strong><\/strong><\/span><\/h3>\n<h3><span><strong><\/strong><\/span><\/h3>\n<h3><span><strong><\/strong><\/span><\/h3>\n<h3 style=\"text-align: center;\"><a href=\"https:\/\/www.cercledecompetences.org\/index.php\/formations-sur-mesure\/\" target=\"_blank\" rel=\"noopener noreferrer\"><span style=\"color: #993300;\"><strong>DES FORMATIONS SUR MESURE AU SEIN DE VOTRE INSTITUTION<\/strong><\/span><\/a><\/h3>\n<p style=\"text-align: center;\">\n<p style=\"text-align: center;\"><span><strong><\/strong><\/span><\/p>\n<p style=\"text-align: center;\"><span><strong><\/strong><\/span><\/p>\n<h3 style=\"text-align: center;\"><a href=\"https:\/\/www.cercledecompetences.org\/index.php\/supervisions-de-groupe-analyse-de-la-pratique\/\" target=\"_blank\" rel=\"noopener noreferrer\"><span style=\"color: #993300;\"><strong>DES SUPERVISIONS DE GROUPE\/ ANALYSE DE LA PRATIQUE<\/strong><\/span><\/a><\/h3>\n<p style=\"text-align: center;\"><span><\/span><\/p>\n<p style=\"text-align: center;\"><span><\/span><\/p>\n<p style=\"text-align: center;\"><span><\/span><\/p>\n<h3 style=\"text-align: center;\"><span style=\"color: #993300;\"><strong><a href=\"https:\/\/www.cercledecompetences.org\/index.php\/supervision-individuelle\/\" target=\"_blank\" rel=\"noopener noreferrer\">DES SUPERVISIONS INDIVIDUELLES\u00a0\u00a0<\/a><\/strong><\/span><\/h3>\n<p><span style=\"color: #993300;\"><strong><\/strong><\/span><\/p>\n<p style=\"text-align: center;\">\n<p style=\"text-align: center;\"><span><strong><\/strong><\/span><\/p>\n<h3 style=\"text-align: center;\"><a href=\"https:\/\/www.cercledecompetences.org\/index.php\/debriefing-centre-competences\/\" target=\"_blank\" rel=\"noopener noreferrer\"><span><strong><span style=\"color: #993300;\">DES DEBRIEFINGS CENTR\u00c9S COMP\u00c9TENCES APR\u00c8S INCIDENT CRITIQUE\u00a0<\/span>\u00a0<\/strong><\/span><\/a><\/h3>\n<p>&nbsp;<\/p>\n<p>[\/et_pb_text][\/et_pb_column][\/et_pb_row][et_pb_row _builder_version=\u00a0\u00bb3.19&Prime;][et_pb_column type=\u00a0\u00bb4_4&Prime; _builder_version=\u00a0\u00bb3.19&Prime; parallax=\u00a0\u00bboff\u00a0\u00bb parallax_method=\u00a0\u00bbon\u00a0\u00bb][et_pb_text _builder_version=\u00a0\u00bb3.19&Prime;]<\/p>\n<p><le cercle=\"\" de=\"\" comp=\"\" tences=\"\" est=\"\" une=\"\" association=\"\" loi=\"\" 1901=\"\" qui=\"\" a=\"\" pour=\"\" vocation=\"\" la=\"\" diffusion=\"\" des=\"\" id=\"\" es=\"\" et=\"\" pratiques=\"\" centr=\"\" ce=\"\" sans=\"\" fronti=\"\" res=\"\" p=\"\"> <\/le><\/p>\n<p>&nbsp;<\/p>\n<p>[\/et_pb_text][\/et_pb_column][\/et_pb_row][\/et_pb_section]<\/p>\n","protected":false},"excerpt":{"rendered":"<p>Interventions sur\u00a0mesure DES FORMATIONS SUR MESURE AU SEIN DE VOTRE INSTITUTION DES SUPERVISIONS DE GROUPE\/ ANALYSE DE LA PRATIQUE DES SUPERVISIONS INDIVIDUELLES\u00a0\u00a0 DES DEBRIEFINGS CENTR\u00c9S COMP\u00c9TENCES APR\u00c8S INCIDENT CRITIQUE\u00a0\u00a0 &nbsp; &nbsp;<\/p>\n","protected":false},"author":3,"featured_media":0,"parent":0,"menu_order":0,"comment_status":"closed","ping_status":"closed","template":"","meta":{"_et_pb_use_builder":"on","_et_pb_old_content":"<!-- wp:divi\/placeholder \/-->","_et_gb_content_width":"","_glsr_average":0,"_glsr_ranking":0,"_glsr_reviews":0,"footnotes":""},"class_list":["post-87","page","type-page","status-publish","hentry"],"yoast_head":"<!-- This site is optimized with the Yoast SEO plugin v27.0 - https:\/\/yoast.com\/product\/yoast-seo-wordpress\/ -->\n<title>Supervisions - Cercle de comp\u00e9tences<\/title>\n<meta name=\"robots\" content=\"index, follow, max-snippet:-1, max-image-preview:large, max-video-preview:-1\" \/>\n<link rel=\"canonical\" href=\"https:\/\/www.cercledecompetences.org\/index.php\/supervisions\/\" \/>\n<meta property=\"og:locale\" content=\"fr_FR\" \/>\n<meta property=\"og:type\" content=\"article\" \/>\n<meta property=\"og:title\" content=\"Supervisions - Cercle de comp\u00e9tences\" \/>\n<meta property=\"og:description\" content=\"Interventions sur\u00a0mesure DES FORMATIONS SUR MESURE AU SEIN DE VOTRE INSTITUTION DES SUPERVISIONS DE GROUPE\/ ANALYSE DE LA PRATIQUE DES SUPERVISIONS INDIVIDUELLES\u00a0\u00a0 DES DEBRIEFINGS CENTR\u00c9S COMP\u00c9TENCES APR\u00c8S INCIDENT CRITIQUE\u00a0\u00a0 &nbsp; &nbsp;\" \/>\n<meta property=\"og:url\" content=\"https:\/\/www.cercledecompetences.org\/index.php\/supervisions\/\" \/>\n<meta property=\"og:site_name\" content=\"Cercle de comp\u00e9tences\" \/>\n<meta property=\"article:publisher\" content=\"https:\/\/www.facebook.com\/cercledecompetences.Bretagne.et.Lyon\/\" \/>\n<meta property=\"article:modified_time\" content=\"2019-02-10T09:48:36+00:00\" \/>\n<meta property=\"og:image\" content=\"https:\/\/cdn.pixabay.com\/photo\/2018\/08\/17\/09\/06\/accessory-3612372_960_720.png\" \/>\n<meta name=\"twitter:card\" content=\"summary_large_image\" \/>\n<meta name=\"twitter:label1\" content=\"Dur\u00e9e de lecture estim\u00e9e\" \/>\n\t<meta name=\"twitter:data1\" content=\"1 minute\" \/>\n<script type=\"application\/ld+json\" class=\"yoast-schema-graph\">{\"@context\":\"https:\/\/schema.org\",\"@graph\":[{\"@type\":\"WebPage\",\"@id\":\"https:\/\/www.cercledecompetences.org\/index.php\/supervisions\/\",\"url\":\"https:\/\/www.cercledecompetences.org\/index.php\/supervisions\/\",\"name\":\"Supervisions - Cercle de comp\u00e9tences\",\"isPartOf\":{\"@id\":\"https:\/\/www.cercledecompetences.org\/#website\"},\"primaryImageOfPage\":{\"@id\":\"https:\/\/www.cercledecompetences.org\/index.php\/supervisions\/#primaryimage\"},\"image\":{\"@id\":\"https:\/\/www.cercledecompetences.org\/index.php\/supervisions\/#primaryimage\"},\"thumbnailUrl\":\"https:\/\/cdn.pixabay.com\/photo\/2018\/08\/17\/09\/06\/accessory-3612372_960_720.png\",\"datePublished\":\"2019-01-08T15:16:30+00:00\",\"dateModified\":\"2019-02-10T09:48:36+00:00\",\"breadcrumb\":{\"@id\":\"https:\/\/www.cercledecompetences.org\/index.php\/supervisions\/#breadcrumb\"},\"inLanguage\":\"fr-FR\",\"potentialAction\":[{\"@type\":\"ReadAction\",\"target\":[\"https:\/\/www.cercledecompetences.org\/index.php\/supervisions\/\"]}]},{\"@type\":\"ImageObject\",\"inLanguage\":\"fr-FR\",\"@id\":\"https:\/\/www.cercledecompetences.org\/index.php\/supervisions\/#primaryimage\",\"url\":\"https:\/\/cdn.pixabay.com\/photo\/2018\/08\/17\/09\/06\/accessory-3612372_960_720.png\",\"contentUrl\":\"https:\/\/cdn.pixabay.com\/photo\/2018\/08\/17\/09\/06\/accessory-3612372_960_720.png\"},{\"@type\":\"BreadcrumbList\",\"@id\":\"https:\/\/www.cercledecompetences.org\/index.php\/supervisions\/#breadcrumb\",\"itemListElement\":[{\"@type\":\"ListItem\",\"position\":1,\"name\":\"Accueil\",\"item\":\"https:\/\/www.cercledecompetences.org\/\"},{\"@type\":\"ListItem\",\"position\":2,\"name\":\"Supervisions\"}]},{\"@type\":\"WebSite\",\"@id\":\"https:\/\/www.cercledecompetences.org\/#website\",\"url\":\"https:\/\/www.cercledecompetences.org\/\",\"name\":\"Cercle de comp\u00e9tences\",\"description\":\"Organisme de formation associatif\",\"publisher\":{\"@id\":\"https:\/\/www.cercledecompetences.org\/#organization\"},\"potentialAction\":[{\"@type\":\"SearchAction\",\"target\":{\"@type\":\"EntryPoint\",\"urlTemplate\":\"https:\/\/www.cercledecompetences.org\/?s={search_term_string}\"},\"query-input\":{\"@type\":\"PropertyValueSpecification\",\"valueRequired\":true,\"valueName\":\"search_term_string\"}}],\"inLanguage\":\"fr-FR\"},{\"@type\":\"Organization\",\"@id\":\"https:\/\/www.cercledecompetences.org\/#organization\",\"name\":\"Cercle de comp\u00e9tences\",\"url\":\"https:\/\/www.cercledecompetences.org\/\",\"logo\":{\"@type\":\"ImageObject\",\"inLanguage\":\"fr-FR\",\"@id\":\"https:\/\/www.cercledecompetences.org\/#\/schema\/logo\/image\/\",\"url\":\"https:\/\/www.cercledecompetences.org\/wp-content\/uploads\/2019\/01\/logo-rond.gif\",\"contentUrl\":\"https:\/\/www.cercledecompetences.org\/wp-content\/uploads\/2019\/01\/logo-rond.gif\",\"width\":863,\"height\":1137,\"caption\":\"Cercle de comp\u00e9tences\"},\"image\":{\"@id\":\"https:\/\/www.cercledecompetences.org\/#\/schema\/logo\/image\/\"},\"sameAs\":[\"https:\/\/www.facebook.com\/cercledecompetences.Bretagne.et.Lyon\/\",\"https:\/\/www.linkedin.com\/company\/cercle-de-competences\/\"]}]}<\/script>\n<!-- \/ Yoast SEO plugin. -->","yoast_head_json":{"title":"Supervisions - Cercle de comp\u00e9tences","robots":{"index":"index","follow":"follow","max-snippet":"max-snippet:-1","max-image-preview":"max-image-preview:large","max-video-preview":"max-video-preview:-1"},"canonical":"https:\/\/www.cercledecompetences.org\/index.php\/supervisions\/","og_locale":"fr_FR","og_type":"article","og_title":"Supervisions - Cercle de comp\u00e9tences","og_description":"Interventions sur\u00a0mesure DES FORMATIONS SUR MESURE AU SEIN DE VOTRE INSTITUTION DES SUPERVISIONS DE GROUPE\/ ANALYSE DE LA PRATIQUE DES SUPERVISIONS INDIVIDUELLES\u00a0\u00a0 DES DEBRIEFINGS CENTR\u00c9S COMP\u00c9TENCES APR\u00c8S INCIDENT CRITIQUE\u00a0\u00a0 &nbsp; &nbsp;","og_url":"https:\/\/www.cercledecompetences.org\/index.php\/supervisions\/","og_site_name":"Cercle de comp\u00e9tences","article_publisher":"https:\/\/www.facebook.com\/cercledecompetences.Bretagne.et.Lyon\/","article_modified_time":"2019-02-10T09:48:36+00:00","og_image":[{"url":"https:\/\/cdn.pixabay.com\/photo\/2018\/08\/17\/09\/06\/accessory-3612372_960_720.png","type":"","width":"","height":""}],"twitter_card":"summary_large_image","twitter_misc":{"Dur\u00e9e de lecture estim\u00e9e":"1 minute"},"schema":{"@context":"https:\/\/schema.org","@graph":[{"@type":"WebPage","@id":"https:\/\/www.cercledecompetences.org\/index.php\/supervisions\/","url":"https:\/\/www.cercledecompetences.org\/index.php\/supervisions\/","name":"Supervisions - Cercle de comp\u00e9tences","isPartOf":{"@id":"https:\/\/www.cercledecompetences.org\/#website"},"primaryImageOfPage":{"@id":"https:\/\/www.cercledecompetences.org\/index.php\/supervisions\/#primaryimage"},"image":{"@id":"https:\/\/www.cercledecompetences.org\/index.php\/supervisions\/#primaryimage"},"thumbnailUrl":"https:\/\/cdn.pixabay.com\/photo\/2018\/08\/17\/09\/06\/accessory-3612372_960_720.png","datePublished":"2019-01-08T15:16:30+00:00","dateModified":"2019-02-10T09:48:36+00:00","breadcrumb":{"@id":"https:\/\/www.cercledecompetences.org\/index.php\/supervisions\/#breadcrumb"},"inLanguage":"fr-FR","potentialAction":[{"@type":"ReadAction","target":["https:\/\/www.cercledecompetences.org\/index.php\/supervisions\/"]}]},{"@type":"ImageObject","inLanguage":"fr-FR","@id":"https:\/\/www.cercledecompetences.org\/index.php\/supervisions\/#primaryimage","url":"https:\/\/cdn.pixabay.com\/photo\/2018\/08\/17\/09\/06\/accessory-3612372_960_720.png","contentUrl":"https:\/\/cdn.pixabay.com\/photo\/2018\/08\/17\/09\/06\/accessory-3612372_960_720.png"},{"@type":"BreadcrumbList","@id":"https:\/\/www.cercledecompetences.org\/index.php\/supervisions\/#breadcrumb","itemListElement":[{"@type":"ListItem","position":1,"name":"Accueil","item":"https:\/\/www.cercledecompetences.org\/"},{"@type":"ListItem","position":2,"name":"Supervisions"}]},{"@type":"WebSite","@id":"https:\/\/www.cercledecompetences.org\/#website","url":"https:\/\/www.cercledecompetences.org\/","name":"Cercle de comp\u00e9tences","description":"Organisme de formation associatif","publisher":{"@id":"https:\/\/www.cercledecompetences.org\/#organization"},"potentialAction":[{"@type":"SearchAction","target":{"@type":"EntryPoint","urlTemplate":"https:\/\/www.cercledecompetences.org\/?s={search_term_string}"},"query-input":{"@type":"PropertyValueSpecification","valueRequired":true,"valueName":"search_term_string"}}],"inLanguage":"fr-FR"},{"@type":"Organization","@id":"https:\/\/www.cercledecompetences.org\/#organization","name":"Cercle de comp\u00e9tences","url":"https:\/\/www.cercledecompetences.org\/","logo":{"@type":"ImageObject","inLanguage":"fr-FR","@id":"https:\/\/www.cercledecompetences.org\/#\/schema\/logo\/image\/","url":"https:\/\/www.cercledecompetences.org\/wp-content\/uploads\/2019\/01\/logo-rond.gif","contentUrl":"https:\/\/www.cercledecompetences.org\/wp-content\/uploads\/2019\/01\/logo-rond.gif","width":863,"height":1137,"caption":"Cercle de comp\u00e9tences"},"image":{"@id":"https:\/\/www.cercledecompetences.org\/#\/schema\/logo\/image\/"},"sameAs":["https:\/\/www.facebook.com\/cercledecompetences.Bretagne.et.Lyon\/","https:\/\/www.linkedin.com\/company\/cercle-de-competences\/"]}]}},"_links":{"self":[{"href":"https:\/\/www.cercledecompetences.org\/index.php\/wp-json\/wp\/v2\/pages\/87","targetHints":{"allow":["GET"]}}],"collection":[{"href":"https:\/\/www.cercledecompetences.org\/index.php\/wp-json\/wp\/v2\/pages"}],"about":[{"href":"https:\/\/www.cercledecompetences.org\/index.php\/wp-json\/wp\/v2\/types\/page"}],"author":[{"embeddable":true,"href":"https:\/\/www.cercledecompetences.org\/index.php\/wp-json\/wp\/v2\/users\/3"}],"replies":[{"embeddable":true,"href":"https:\/\/www.cercledecompetences.org\/index.php\/wp-json\/wp\/v2\/comments?post=87"}],"version-history":[{"count":10,"href":"https:\/\/www.cercledecompetences.org\/index.php\/wp-json\/wp\/v2\/pages\/87\/revisions"}],"predecessor-version":[{"id":955,"href":"https:\/\/www.cercledecompetences.org\/index.php\/wp-json\/wp\/v2\/pages\/87\/revisions\/955"}],"wp:attachment":[{"href":"https:\/\/www.cercledecompetences.org\/index.php\/wp-json\/wp\/v2\/media?parent=87"}],"curies":[{"name":"wp","href":"https:\/\/api.w.org\/{rel}","templated":true}]}}