{"id":6596,"date":"2023-02-20T05:22:44","date_gmt":"2023-02-20T04:22:44","guid":{"rendered":"https:\/\/www.cercledecompetences.org\/?post_type=product&#038;p=6596"},"modified":"2023-02-20T05:26:48","modified_gmt":"2023-02-20T04:26:48","slug":"psychotraumatologie-centree-competences-module-3-inscription-individuelle","status":"publish","type":"product","link":"https:\/\/www.cercledecompetences.org\/index.php\/produit\/psychotraumatologie-centree-competences-module-3-inscription-individuelle\/","title":{"rendered":"Psychotraumatologie centr\u00e9e comp\u00e9tences \u2013 module 3 &#8211; Inscription Individuelle"},"content":{"rendered":"<p><span class=\"s1\">Comprendre et intervenir efficacement aupr\u00e8s de personnes avec des traumatismes complexes et des troubles dissociatifs et aupr\u00e8s de leur famille.<\/span><\/p>\n","protected":false},"excerpt":{"rendered":"<p><strong>5, 6, 7 octobre 2023 &#8211; Lyon<\/strong><\/p>\n<p>Jeudi 5 : 9h30 \u2013 18h00<br \/>\nVendredi 6 : 9h00\u201317h30<br \/>\nSamedi 7: 9h00\u201316h30<strong><br \/>\n<\/strong><\/p>\n<p>Lieu : Oullins \u2013 Lyon sud<\/p>\n<p><span class=\"mig-agenda-observationsweb-val\">Formatrice : H\u00e9l\u00e8ne Dellucci<br \/>\n<\/span><\/p>\n","protected":false},"featured_media":6345,"comment_status":"open","ping_status":"closed","template":"","meta":{"_et_pb_use_builder":"off","_et_pb_old_content":"<strong>Psychotraumatologie centr\u00e9e comp\u00e9tences \u2013 module 1<\/strong>\r\n\r\nCette formation en psychotraumatologie centr\u00e9e comp\u00e9tences mettra l\u2019accent sur une compr\u00e9hension du traumatisme psychique et une stabilisation efficace de toute personne traumatis\u00e9e, m\u00eame les cas r\u00e9put\u00e9s les plus difficiles. L\u2019enseignement portera sur une introduction en psychotraumatologie en lien avec les derni\u00e8res d\u00e9couvertes en neurosciences et en physiologie. Dans cet atelier sera pr\u00e9sent\u00e9 une vue d\u2019ensemble des diff\u00e9rentes possibilit\u00e9s de stabilisation et d\u2019intervention accessibles \u00e0 toute personne souffrant de traumatisme.","_et_gb_content_width":"","_glsr_average":0,"_glsr_ranking":0,"_glsr_reviews":0},"product_brand":[],"product_cat":[25,24],"product_tag":[],"class_list":{"0":"post-6596","1":"product","2":"type-product","3":"status-publish","4":"has-post-thumbnail","6":"product_cat-formations","7":"product_cat-psychotraumatologie-centree-competences","9":"first","10":"instock","11":"downloadable","12":"shipping-taxable","13":"purchasable","14":"product-type-simple"},"yoast_head":"<!-- This site is optimized with the Yoast SEO plugin v27.0 - https:\/\/yoast.com\/product\/yoast-seo-wordpress\/ -->\n<title>Psychotraumatologie centr\u00e9e comp\u00e9tences \u2013 module 3 - Inscription Individuelle - Cercle de comp\u00e9tences<\/title>\n<meta name=\"robots\" content=\"index, follow, max-snippet:-1, max-image-preview:large, max-video-preview:-1\" \/>\n<link rel=\"canonical\" href=\"https:\/\/www.cercledecompetences.org\/index.php\/produit\/psychotraumatologie-centree-competences-module-3-inscription-individuelle\/\" \/>\n<meta property=\"og:locale\" content=\"fr_FR\" \/>\n<meta property=\"og:type\" content=\"article\" \/>\n<meta property=\"og:title\" content=\"Psychotraumatologie centr\u00e9e comp\u00e9tences \u2013 module 3 - Inscription Individuelle - Cercle de comp\u00e9tences\" \/>\n<meta property=\"og:description\" content=\"5, 6, 7 octobre 2023 - Lyon  Jeudi 5 : 9h30 \u2013 18h00 Vendredi 6 : 9h00\u201317h30 Samedi 7: 9h00\u201316h30   Lieu : Oullins \u2013 Lyon sud  Formatrice : H\u00e9l\u00e8ne Dellucci\" \/>\n<meta property=\"og:url\" content=\"https:\/\/www.cercledecompetences.org\/index.php\/produit\/psychotraumatologie-centree-competences-module-3-inscription-individuelle\/\" \/>\n<meta property=\"og:site_name\" content=\"Cercle de comp\u00e9tences\" \/>\n<meta property=\"article:publisher\" content=\"https:\/\/www.facebook.com\/cercledecompetences.Bretagne.et.Lyon\/\" \/>\n<meta property=\"article:modified_time\" content=\"2023-02-20T04:26:48+00:00\" \/>\n<meta property=\"og:image\" content=\"https:\/\/www.cercledecompetences.org\/wp-content\/uploads\/2022\/12\/psychotrauma-3-1920x1312-1.jpg\" \/>\n\t<meta property=\"og:image:width\" content=\"1920\" \/>\n\t<meta property=\"og:image:height\" content=\"1312\" \/>\n\t<meta property=\"og:image:type\" content=\"image\/jpeg\" \/>\n<meta name=\"twitter:card\" content=\"summary_large_image\" \/>\n<script type=\"application\/ld+json\" class=\"yoast-schema-graph\">{\"@context\":\"https:\/\/schema.org\",\"@graph\":[{\"@type\":\"WebPage\",\"@id\":\"https:\/\/www.cercledecompetences.org\/index.php\/produit\/psychotraumatologie-centree-competences-module-3-inscription-individuelle\/\",\"url\":\"https:\/\/www.cercledecompetences.org\/index.php\/produit\/psychotraumatologie-centree-competences-module-3-inscription-individuelle\/\",\"name\":\"Psychotraumatologie centr\u00e9e comp\u00e9tences \u2013 module 3 - Inscription Individuelle - Cercle de comp\u00e9tences\",\"isPartOf\":{\"@id\":\"https:\/\/www.cercledecompetences.org\/#website\"},\"primaryImageOfPage\":{\"@id\":\"https:\/\/www.cercledecompetences.org\/index.php\/produit\/psychotraumatologie-centree-competences-module-3-inscription-individuelle\/#primaryimage\"},\"image\":{\"@id\":\"https:\/\/www.cercledecompetences.org\/index.php\/produit\/psychotraumatologie-centree-competences-module-3-inscription-individuelle\/#primaryimage\"},\"thumbnailUrl\":\"https:\/\/www.cercledecompetences.org\/wp-content\/uploads\/2022\/12\/psychotrauma-3-1920x1312-1.jpg\",\"datePublished\":\"2023-02-20T04:22:44+00:00\",\"dateModified\":\"2023-02-20T04:26:48+00:00\",\"breadcrumb\":{\"@id\":\"https:\/\/www.cercledecompetences.org\/index.php\/produit\/psychotraumatologie-centree-competences-module-3-inscription-individuelle\/#breadcrumb\"},\"inLanguage\":\"fr-FR\",\"potentialAction\":[{\"@type\":\"ReadAction\",\"target\":[\"https:\/\/www.cercledecompetences.org\/index.php\/produit\/psychotraumatologie-centree-competences-module-3-inscription-individuelle\/\"]}]},{\"@type\":\"ImageObject\",\"inLanguage\":\"fr-FR\",\"@id\":\"https:\/\/www.cercledecompetences.org\/index.php\/produit\/psychotraumatologie-centree-competences-module-3-inscription-individuelle\/#primaryimage\",\"url\":\"https:\/\/www.cercledecompetences.org\/wp-content\/uploads\/2022\/12\/psychotrauma-3-1920x1312-1.jpg\",\"contentUrl\":\"https:\/\/www.cercledecompetences.org\/wp-content\/uploads\/2022\/12\/psychotrauma-3-1920x1312-1.jpg\",\"width\":1920,\"height\":1312},{\"@type\":\"BreadcrumbList\",\"@id\":\"https:\/\/www.cercledecompetences.org\/index.php\/produit\/psychotraumatologie-centree-competences-module-3-inscription-individuelle\/#breadcrumb\",\"itemListElement\":[{\"@type\":\"ListItem\",\"position\":1,\"name\":\"Accueil\",\"item\":\"https:\/\/www.cercledecompetences.org\/\"},{\"@type\":\"ListItem\",\"position\":2,\"name\":\"Boutique\",\"item\":\"https:\/\/www.cercledecompetences.org\/index.php\/boutique\/\"},{\"@type\":\"ListItem\",\"position\":3,\"name\":\"Psychotraumatologie centr\u00e9e comp\u00e9tences \u2013 module 3 &#8211; Inscription Individuelle\"}]},{\"@type\":\"WebSite\",\"@id\":\"https:\/\/www.cercledecompetences.org\/#website\",\"url\":\"https:\/\/www.cercledecompetences.org\/\",\"name\":\"Cercle de comp\u00e9tences\",\"description\":\"Organisme de formation associatif\",\"publisher\":{\"@id\":\"https:\/\/www.cercledecompetences.org\/#organization\"},\"potentialAction\":[{\"@type\":\"SearchAction\",\"target\":{\"@type\":\"EntryPoint\",\"urlTemplate\":\"https:\/\/www.cercledecompetences.org\/?s={search_term_string}\"},\"query-input\":{\"@type\":\"PropertyValueSpecification\",\"valueRequired\":true,\"valueName\":\"search_term_string\"}}],\"inLanguage\":\"fr-FR\"},{\"@type\":\"Organization\",\"@id\":\"https:\/\/www.cercledecompetences.org\/#organization\",\"name\":\"Cercle de comp\u00e9tences\",\"url\":\"https:\/\/www.cercledecompetences.org\/\",\"logo\":{\"@type\":\"ImageObject\",\"inLanguage\":\"fr-FR\",\"@id\":\"https:\/\/www.cercledecompetences.org\/#\/schema\/logo\/image\/\",\"url\":\"https:\/\/www.cercledecompetences.org\/wp-content\/uploads\/2019\/01\/logo-rond.gif\",\"contentUrl\":\"https:\/\/www.cercledecompetences.org\/wp-content\/uploads\/2019\/01\/logo-rond.gif\",\"width\":863,\"height\":1137,\"caption\":\"Cercle de comp\u00e9tences\"},\"image\":{\"@id\":\"https:\/\/www.cercledecompetences.org\/#\/schema\/logo\/image\/\"},\"sameAs\":[\"https:\/\/www.facebook.com\/cercledecompetences.Bretagne.et.Lyon\/\",\"https:\/\/www.linkedin.com\/company\/cercle-de-competences\/\"]}]}<\/script>\n<!-- \/ Yoast SEO plugin. -->","yoast_head_json":{"title":"Psychotraumatologie centr\u00e9e comp\u00e9tences \u2013 module 3 - Inscription Individuelle - Cercle de comp\u00e9tences","robots":{"index":"index","follow":"follow","max-snippet":"max-snippet:-1","max-image-preview":"max-image-preview:large","max-video-preview":"max-video-preview:-1"},"canonical":"https:\/\/www.cercledecompetences.org\/index.php\/produit\/psychotraumatologie-centree-competences-module-3-inscription-individuelle\/","og_locale":"fr_FR","og_type":"article","og_title":"Psychotraumatologie centr\u00e9e comp\u00e9tences \u2013 module 3 - Inscription Individuelle - Cercle de comp\u00e9tences","og_description":"5, 6, 7 octobre 2023 - Lyon  Jeudi 5 : 9h30 \u2013 18h00 Vendredi 6 : 9h00\u201317h30 Samedi 7: 9h00\u201316h30   Lieu : Oullins \u2013 Lyon sud  Formatrice : H\u00e9l\u00e8ne Dellucci","og_url":"https:\/\/www.cercledecompetences.org\/index.php\/produit\/psychotraumatologie-centree-competences-module-3-inscription-individuelle\/","og_site_name":"Cercle de comp\u00e9tences","article_publisher":"https:\/\/www.facebook.com\/cercledecompetences.Bretagne.et.Lyon\/","article_modified_time":"2023-02-20T04:26:48+00:00","og_image":[{"width":1920,"height":1312,"url":"https:\/\/www.cercledecompetences.org\/wp-content\/uploads\/2022\/12\/psychotrauma-3-1920x1312-1.jpg","type":"image\/jpeg"}],"twitter_card":"summary_large_image","schema":{"@context":"https:\/\/schema.org","@graph":[{"@type":"WebPage","@id":"https:\/\/www.cercledecompetences.org\/index.php\/produit\/psychotraumatologie-centree-competences-module-3-inscription-individuelle\/","url":"https:\/\/www.cercledecompetences.org\/index.php\/produit\/psychotraumatologie-centree-competences-module-3-inscription-individuelle\/","name":"Psychotraumatologie centr\u00e9e comp\u00e9tences \u2013 module 3 - Inscription Individuelle - Cercle de comp\u00e9tences","isPartOf":{"@id":"https:\/\/www.cercledecompetences.org\/#website"},"primaryImageOfPage":{"@id":"https:\/\/www.cercledecompetences.org\/index.php\/produit\/psychotraumatologie-centree-competences-module-3-inscription-individuelle\/#primaryimage"},"image":{"@id":"https:\/\/www.cercledecompetences.org\/index.php\/produit\/psychotraumatologie-centree-competences-module-3-inscription-individuelle\/#primaryimage"},"thumbnailUrl":"https:\/\/www.cercledecompetences.org\/wp-content\/uploads\/2022\/12\/psychotrauma-3-1920x1312-1.jpg","datePublished":"2023-02-20T04:22:44+00:00","dateModified":"2023-02-20T04:26:48+00:00","breadcrumb":{"@id":"https:\/\/www.cercledecompetences.org\/index.php\/produit\/psychotraumatologie-centree-competences-module-3-inscription-individuelle\/#breadcrumb"},"inLanguage":"fr-FR","potentialAction":[{"@type":"ReadAction","target":["https:\/\/www.cercledecompetences.org\/index.php\/produit\/psychotraumatologie-centree-competences-module-3-inscription-individuelle\/"]}]},{"@type":"ImageObject","inLanguage":"fr-FR","@id":"https:\/\/www.cercledecompetences.org\/index.php\/produit\/psychotraumatologie-centree-competences-module-3-inscription-individuelle\/#primaryimage","url":"https:\/\/www.cercledecompetences.org\/wp-content\/uploads\/2022\/12\/psychotrauma-3-1920x1312-1.jpg","contentUrl":"https:\/\/www.cercledecompetences.org\/wp-content\/uploads\/2022\/12\/psychotrauma-3-1920x1312-1.jpg","width":1920,"height":1312},{"@type":"BreadcrumbList","@id":"https:\/\/www.cercledecompetences.org\/index.php\/produit\/psychotraumatologie-centree-competences-module-3-inscription-individuelle\/#breadcrumb","itemListElement":[{"@type":"ListItem","position":1,"name":"Accueil","item":"https:\/\/www.cercledecompetences.org\/"},{"@type":"ListItem","position":2,"name":"Boutique","item":"https:\/\/www.cercledecompetences.org\/index.php\/boutique\/"},{"@type":"ListItem","position":3,"name":"Psychotraumatologie centr\u00e9e comp\u00e9tences \u2013 module 3 &#8211; Inscription Individuelle"}]},{"@type":"WebSite","@id":"https:\/\/www.cercledecompetences.org\/#website","url":"https:\/\/www.cercledecompetences.org\/","name":"Cercle de comp\u00e9tences","description":"Organisme de formation associatif","publisher":{"@id":"https:\/\/www.cercledecompetences.org\/#organization"},"potentialAction":[{"@type":"SearchAction","target":{"@type":"EntryPoint","urlTemplate":"https:\/\/www.cercledecompetences.org\/?s={search_term_string}"},"query-input":{"@type":"PropertyValueSpecification","valueRequired":true,"valueName":"search_term_string"}}],"inLanguage":"fr-FR"},{"@type":"Organization","@id":"https:\/\/www.cercledecompetences.org\/#organization","name":"Cercle de comp\u00e9tences","url":"https:\/\/www.cercledecompetences.org\/","logo":{"@type":"ImageObject","inLanguage":"fr-FR","@id":"https:\/\/www.cercledecompetences.org\/#\/schema\/logo\/image\/","url":"https:\/\/www.cercledecompetences.org\/wp-content\/uploads\/2019\/01\/logo-rond.gif","contentUrl":"https:\/\/www.cercledecompetences.org\/wp-content\/uploads\/2019\/01\/logo-rond.gif","width":863,"height":1137,"caption":"Cercle de comp\u00e9tences"},"image":{"@id":"https:\/\/www.cercledecompetences.org\/#\/schema\/logo\/image\/"},"sameAs":["https:\/\/www.facebook.com\/cercledecompetences.Bretagne.et.Lyon\/","https:\/\/www.linkedin.com\/company\/cercle-de-competences\/"]}]}},"_links":{"self":[{"href":"https:\/\/www.cercledecompetences.org\/index.php\/wp-json\/wp\/v2\/product\/6596","targetHints":{"allow":["GET"]}}],"collection":[{"href":"https:\/\/www.cercledecompetences.org\/index.php\/wp-json\/wp\/v2\/product"}],"about":[{"href":"https:\/\/www.cercledecompetences.org\/index.php\/wp-json\/wp\/v2\/types\/product"}],"replies":[{"embeddable":true,"href":"https:\/\/www.cercledecompetences.org\/index.php\/wp-json\/wp\/v2\/comments?post=6596"}],"wp:featuredmedia":[{"embeddable":true,"href":"https:\/\/www.cercledecompetences.org\/index.php\/wp-json\/wp\/v2\/media\/6345"}],"wp:attachment":[{"href":"https:\/\/www.cercledecompetences.org\/index.php\/wp-json\/wp\/v2\/media?parent=6596"}],"wp:term":[{"taxonomy":"product_brand","embeddable":true,"href":"https:\/\/www.cercledecompetences.org\/index.php\/wp-json\/wp\/v2\/product_brand?post=6596"},{"taxonomy":"product_cat","embeddable":true,"href":"https:\/\/www.cercledecompetences.org\/index.php\/wp-json\/wp\/v2\/product_cat?post=6596"},{"taxonomy":"product_tag","embeddable":true,"href":"https:\/\/www.cercledecompetences.org\/index.php\/wp-json\/wp\/v2\/product_tag?post=6596"}],"curies":[{"name":"wp","href":"https:\/\/api.w.org\/{rel}","templated":true}]}}

Psychotraumatologie centrée compétences – module 3 &#8211; Inscription Individuelle

<p><span class="s1">Comprendre et intervenir efficacement auprès de personnes avec des traumatismes complexes et des troubles dissociatifs et auprès de leur famille.</span></p>

<p><strong>5, 6, 7 octobre 2023 &#8211; Lyon</strong></p>
<p>Jeudi 5 : 9h30 – 18h00<br />
Vendredi 6 : 9h00–17h30<br />
Samedi 7: 9h00–16h30<strong><br />
</strong></p>
<p>Lieu : Oullins – Lyon sud</p>
<p><span class="mig-agenda-observationsweb-val">Formatrice : Hélène Dellucci<br />
</span></p>

<strong>Psychotraumatologie centrée compétences – module 1</strong>

Cette formation en psychotraumatologie centrée compétences mettra l’accent sur une compréhension du traumatisme psychique et une stabilisation efficace de toute personne traumatisée, même les cas réputés les plus difficiles. L’enseignement portera sur une introduction en psychotraumatologie en lien avec les dernières découvertes en neurosciences et en physiologie. Dans cet atelier sera présenté une vue d’ensemble des différentes possibilités de stabilisation et d’intervention accessibles à toute personne souffrant de traumatisme.

<!-- This site is optimized with the Yoast SEO plugin v27.0 - https://yoast.com/product/yoast-seo-wordpress/ -->
<title>Psychotraumatologie centrée compétences – module 3 - Inscription Individuelle - Cercle de compétences</title>
<meta name="robots" content="index, follow, max-snippet:-1, max-image-preview:large, max-video-preview:-1" />
<link rel="canonical" href="https://www.cercledecompetences.org/index.php/produit/psychotraumatologie-centree-competences-module-3-inscription-individuelle/" />
<meta property="og:locale" content="fr_FR" />
<meta property="og:type" content="article" />
<meta property="og:title" content="Psychotraumatologie centrée compétences – module 3 - Inscription Individuelle - Cercle de compétences" />
<meta property="og:description" content="5, 6, 7 octobre 2023 - Lyon  Jeudi 5 : 9h30 – 18h00 Vendredi 6 : 9h00–17h30 Samedi 7: 9h00–16h30   Lieu : Oullins – Lyon sud  Formatrice : Hélène Dellucci" />
<meta property="og:url" content="https://www.cercledecompetences.org/index.php/produit/psychotraumatologie-centree-competences-module-3-inscription-individuelle/" />
<meta property="og:site_name" content="Cercle de compétences" />
<meta property="article:publisher" content="https://www.facebook.com/cercledecompetences.Bretagne.et.Lyon/" />
<meta property="article:modified_time" content="2023-02-20T04:26:48+00:00" />
<meta property="og:image" content="https://www.cercledecompetences.org/wp-content/uploads/2022/12/psychotrauma-3-1920x1312-1.jpg" />
	<meta property="og:image:width" content="1920" />
	<meta property="og:image:height" content="1312" />
	<meta property="og:image:type" content="image/jpeg" />
<meta name="twitter:card" content="summary_large_image" />
<script type="application/ld+json" class="yoast-schema-graph">{"@context":"https://schema.org","@graph":[{"@type":"WebPage","@id":"https://www.cercledecompetences.org/index.php/produit/psychotraumatologie-centree-competences-module-3-inscription-individuelle/","url":"https://www.cercledecompetences.org/index.php/produit/psychotraumatologie-centree-competences-module-3-inscription-individuelle/","name":"Psychotraumatologie centrée compétences – module 3 - Inscription Individuelle - Cercle de compétences","isPartOf":{"@id":"https://www.cercledecompetences.org/#website"},"primaryImageOfPage":{"@id":"https://www.cercledecompetences.org/index.php/produit/psychotraumatologie-centree-competences-module-3-inscription-individuelle/#primaryimage"},"image":{"@id":"https://www.cercledecompetences.org/index.php/produit/psychotraumatologie-centree-competences-module-3-inscription-individuelle/#primaryimage"},"thumbnailUrl":"https://www.cercledecompetences.org/wp-content/uploads/2022/12/psychotrauma-3-1920x1312-1.jpg","datePublished":"2023-02-20T04:22:44+00:00","dateModified":"2023-02-20T04:26:48+00:00","breadcrumb":{"@id":"https://www.cercledecompetences.org/index.php/produit/psychotraumatologie-centree-competences-module-3-inscription-individuelle/#breadcrumb"},"inLanguage":"fr-FR","potentialAction":[{"@type":"ReadAction","target":["https://www.cercledecompetences.org/index.php/produit/psychotraumatologie-centree-competences-module-3-inscription-individuelle/"]}]},{"@type":"ImageObject","inLanguage":"fr-FR","@id":"https://www.cercledecompetences.org/index.php/produit/psychotraumatologie-centree-competences-module-3-inscription-individuelle/#primaryimage","url":"https://www.cercledecompetences.org/wp-content/uploads/2022/12/psychotrauma-3-1920x1312-1.jpg","contentUrl":"https://www.cercledecompetences.org/wp-content/uploads/2022/12/psychotrauma-3-1920x1312-1.jpg","width":1920,"height":1312},{"@type":"BreadcrumbList","@id":"https://www.cercledecompetences.org/index.php/produit/psychotraumatologie-centree-competences-module-3-inscription-individuelle/#breadcrumb","itemListElement":[{"@type":"ListItem","position":1,"name":"Accueil","item":"https://www.cercledecompetences.org/"},{"@type":"ListItem","position":2,"name":"Boutique","item":"https://www.cercledecompetences.org/index.php/boutique/"},{"@type":"ListItem","position":3,"name":"Psychotraumatologie centrée compétences – module 3 &#8211; Inscription Individuelle"}]},{"@type":"WebSite","@id":"https://www.cercledecompetences.org/#website","url":"https://www.cercledecompetences.org/","name":"Cercle de compétences","description":"Organisme de formation associatif","publisher":{"@id":"https://www.cercledecompetences.org/#organization"},"potentialAction":[{"@type":"SearchAction","target":{"@type":"EntryPoint","urlTemplate":"https://www.cercledecompetences.org/?s={search_term_string}"},"query-input":{"@type":"PropertyValueSpecification","valueRequired":true,"valueName":"search_term_string"}}],"inLanguage":"fr-FR"},{"@type":"Organization","@id":"https://www.cercledecompetences.org/#organization","name":"Cercle de compétences","url":"https://www.cercledecompetences.org/","logo":{"@type":"ImageObject","inLanguage":"fr-FR","@id":"https://www.cercledecompetences.org/#/schema/logo/image/","url":"https://www.cercledecompetences.org/wp-content/uploads/2019/01/logo-rond.gif","contentUrl":"https://www.cercledecompetences.org/wp-content/uploads/2019/01/logo-rond.gif","width":863,"height":1137,"caption":"Cercle de compétences"},"image":{"@id":"https://www.cercledecompetences.org/#/schema/logo/image/"},"sameAs":["https://www.facebook.com/cercledecompetences.Bretagne.et.Lyon/","https://www.linkedin.com/company/cercle-de-competences/"]}]}</script>
<!-- / Yoast SEO plugin. -->

Psychotraumatologie centrée compétences – module 3 - Inscription Individuelle - Cercle de compétences

5, 6, 7 octobre 2023 - Lyon  Jeudi 5 : 9h30 – 18h00 Vendredi 6 : 9h00–17h30 Samedi 7: 9h00–16h30   Lieu : Oullins – Lyon sud  Formatrice : Hélène Dellucci

Cercle de compétences
